{"id":17682,"date":"2021-04-09T23:11:28","date_gmt":"2021-04-10T02:11:28","guid":{"rendered":"http:\/\/www.universoeso.com.br\/?page_id=17682"},"modified":"2021-04-09T23:20:14","modified_gmt":"2021-04-10T02:20:14","slug":"lore-de-the-elder-scrolls","status":"publish","type":"page","link":"https:\/\/www.universoeso.com.br\/lore","title":{"rendered":"LORE DE THE ELDER SCROLLS"},"content":{"rendered":"\t\t<div data-elementor-type=\"wp-page\" data-elementor-id=\"17682\" class=\"elementor elementor-17682\">\n\t\t\t\t\t\t\t\t\t<section class=\"elementor-section elementor-top-section elementor-element elementor-element-a257bfd elementor-section-boxed elementor-section-height-default elementor-section-height-default\" data-id=\"a257bfd\" data-element_type=\"section\">\n\t\t\t\t\t\t<div class=\"elementor-container elementor-column-gap-default\">\n\t\t\t\t\t<div class=\"elementor-column elementor-col-100 elementor-top-column elementor-element elementor-element-ec1726c\" data-id=\"ec1726c\" data-element_type=\"column\">\n\t\t\t<div class=\"elementor-widget-wrap elementor-element-populated\">\n\t\t\t\t\t\t\t\t<div class=\"elementor-element elementor-element-e154ed5 elementor-widget elementor-widget-text-editor\" data-id=\"e154ed5\" data-element_type=\"widget\" data-widget_type=\"text-editor.default\">\n\t\t\t\t<div class=\"elementor-widget-container\">\n\t\t\t\t\t\t\t<p>Esta p\u00e1gina tr\u00e1s todo o compilado de Lore do UniversoESO, em textos e v\u00eddeos.<\/p>\t\t\t\t\t\t<\/div>\n\t\t\t\t<\/div>\n\t\t\t\t\t<\/div>\n\t\t<\/div>\n\t\t\t\t\t\t\t<\/div>\n\t\t<\/section>\n\t\t\t\t<section class=\"elementor-section elementor-top-section elementor-element elementor-element-4be3853 elementor-section-boxed elementor-section-height-default elementor-section-height-default\" data-id=\"4be3853\" data-element_type=\"section\">\n\t\t\t\t\t\t<div class=\"elementor-container elementor-column-gap-default\">\n\t\t\t\t\t<div class=\"elementor-column elementor-col-100 elementor-top-column elementor-element elementor-element-40b8fe8\" data-id=\"40b8fe8\" data-element_type=\"column\">\n\t\t\t<div class=\"elementor-widget-wrap elementor-element-populated\">\n\t\t\t\t\t\t\t\t<div class=\"elementor-element elementor-element-d33a716 elementor-widget-divider--view-line elementor-widget elementor-widget-divider\" data-id=\"d33a716\" data-element_type=\"widget\" data-widget_type=\"divider.default\">\n\t\t\t\t<div class=\"elementor-widget-container\">\n\t\t\t\t\t<div class=\"elementor-divider\">\n\t\t\t<span class=\"elementor-divider-separator\">\n\t\t\t\t\t\t<\/span>\n\t\t<\/div>\n\t\t\t\t<\/div>\n\t\t\t\t<\/div>\n\t\t\t\t<div class=\"elementor-element elementor-element-8a1ce90 elementor-widget elementor-widget-heading\" data-id=\"8a1ce90\" data-element_type=\"widget\" data-widget_type=\"heading.default\">\n\t\t\t\t<div class=\"elementor-widget-container\">\n\t\t\t<h2 class=\"elementor-heading-title elementor-size-default\">RA\u00c7AS<\/h2>\t\t<\/div>\n\t\t\t\t<\/div>\n\t\t\t\t<div class=\"elementor-element elementor-element-0ab0639 elementor-widget-divider--view-line elementor-widget elementor-widget-divider\" data-id=\"0ab0639\" data-element_type=\"widget\" data-widget_type=\"divider.default\">\n\t\t\t\t<div class=\"elementor-widget-container\">\n\t\t\t\t\t<div class=\"elementor-divider\">\n\t\t\t<span class=\"elementor-divider-separator\">\n\t\t\t\t\t\t<\/span>\n\t\t<\/div>\n\t\t\t\t<\/div>\n\t\t\t\t<\/div>\n\t\t\t\t\t<\/div>\n\t\t<\/div>\n\t\t\t\t\t\t\t<\/div>\n\t\t<\/section>\n\t\t\t\t<section class=\"elementor-section elementor-top-section elementor-element elementor-element-62a679f elementor-section-boxed elementor-section-height-default elementor-section-height-default\" data-id=\"62a679f\" data-element_type=\"section\">\n\t\t\t\t\t\t<div class=\"elementor-container elementor-column-gap-default\">\n\t\t\t\t\t<div class=\"elementor-column elementor-col-50 elementor-top-column elementor-element elementor-element-99705c9\" data-id=\"99705c9\" data-element_type=\"column\">\n\t\t\t<div class=\"elementor-widget-wrap elementor-element-populated\">\n\t\t\t\t\t\t\t\t<div class=\"elementor-element elementor-element-463b7bf elementor-widget elementor-widget-heading\" data-id=\"463b7bf\" data-element_type=\"widget\" data-widget_type=\"heading.default\">\n\t\t\t\t<div class=\"elementor-widget-container\">\n\t\t\t<h2 class=\"elementor-heading-title elementor-size-default\">Escrito<\/h2>\t\t<\/div>\n\t\t\t\t<\/div>\n\t\t\t\t<div class=\"elementor-element elementor-element-adf8a0c elementor-widget elementor-widget-text-editor\" data-id=\"adf8a0c\" data-element_type=\"widget\" data-widget_type=\"text-editor.default\">\n\t\t\t\t<div class=\"elementor-widget-container\">\n\t\t\t\t\t\t\t<ul><li><a href=\"https:\/\/www.universoeso.com.br\/index.php\/2016\/12\/22\/lore-o-nascimento-do-imperio-raca-religiao-talos\/\"><span style=\"font-size: 16px;\">Imperial<\/span><\/a><\/li><li><span style=\"font-family: Roboto, sans-serif; font-size: 16px; font-style: normal; font-weight: 400;\">Breton<\/span><\/li><li><span style=\"font-family: Roboto, sans-serif; font-size: 16px; font-style: normal; font-weight: 400;\">Redguard<\/span><\/li><li>Nord<\/li><li><a href=\"https:\/\/www.universoeso.com.br\/index.php\/2017\/09\/16\/lore-altmer-thalmor-e-a-aldmeri\/\">High Elf<\/a><\/li><li>Wood Elf<\/li><li><a href=\"https:\/\/www.universoeso.com.br\/index.php\/2016\/05\/24\/lore-as-criancas-amaldicoadas-de-azura\/\">Dark Elf<\/a><\/li><li><a href=\"https:\/\/www.universoeso.com.br\/index.php\/2016\/11\/29\/lore-orcs-malacath-e-povo-amaldicoado\/\">Orc<\/a><\/li><li><a href=\"https:\/\/www.universoeso.com.br\/index.php\/2016\/09\/09\/lore-khajiits\/\">Khajiit<\/a><\/li><li><a href=\"https:\/\/www.universoeso.com.br\/index.php\/2016\/10\/24\/lore-argonians\/\">Argonian<\/a><\/li><\/ul><p style=\"text-align: center;\"><strong>Ra\u00e7as Antigas (1\u00aa era)<\/strong><\/p><ul><li><a href=\"https:\/\/www.universoeso.com.br\/index.php\/2016\/07\/14\/nedes-a-civilizacao-perdida\/\">Nedes<\/a><\/li><\/ul>\t\t\t\t\t\t<\/div>\n\t\t\t\t<\/div>\n\t\t\t\t\t<\/div>\n\t\t<\/div>\n\t\t\t\t<div class=\"elementor-column elementor-col-50 elementor-top-column elementor-element elementor-element-4c82df6\" data-id=\"4c82df6\" data-element_type=\"column\">\n\t\t\t<div class=\"elementor-widget-wrap elementor-element-populated\">\n\t\t\t\t\t\t\t\t<div class=\"elementor-element elementor-element-e4b6116 elementor-widget elementor-widget-heading\" data-id=\"e4b6116\" data-element_type=\"widget\" data-widget_type=\"heading.default\">\n\t\t\t\t<div class=\"elementor-widget-container\">\n\t\t\t<h2 class=\"elementor-heading-title elementor-size-default\">V\u00eddeo<\/h2>\t\t<\/div>\n\t\t\t\t<\/div>\n\t\t\t\t<div class=\"elementor-element elementor-element-12d20e6 elementor-widget elementor-widget-text-editor\" data-id=\"12d20e6\" data-element_type=\"widget\" data-widget_type=\"text-editor.default\">\n\t\t\t\t<div class=\"elementor-widget-container\">\n\t\t\t\t\t\t\t<ul style=\"font-family: Roboto, sans-serif; font-size: 16px; font-style: normal; font-weight: 400;\"><li style=\"font-size: 16px;\"><a href=\"https:\/\/www.twitch.tv\/videos\/607181143\"><span style=\"font-size: 16px;\">Imperial<\/span><\/a><\/li><li style=\"font-size: 16px;\"><span style=\"font-family: Roboto, sans-serif; font-size: 16px; font-style: normal; font-weight: 400;\"><a href=\"https:\/\/www.twitch.tv\/videos\/615917173\">Breton<\/a><br \/><\/span><\/li><li style=\"font-size: 16px;\"><a href=\"https:\/\/www.youtube.com\/watch?v=iEOnB3mmleg\">Redguard<\/a><\/li><li style=\"font-size: 16px;\">Nord<\/li><li style=\"font-size: 16px;\"><a href=\"https:\/\/www.youtube.com\/watch?v=umdnp6Rc2Ss\">High Elf<\/a><\/li><li style=\"font-size: 16px;\"><a href=\"https:\/\/www.youtube.com\/watch?v=Vs-rfvlsarg\">Wood Elf<\/a><\/li><li style=\"font-size: 16px;\"><a href=\"https:\/\/www.twitch.tv\/videos\/601006075\">Dark Elf<\/a><\/li><li style=\"font-size: 16px;\"><a href=\"https:\/\/www.youtube.com\/watch?v=zQ5qup20bHU\">Orc<\/a><\/li><li style=\"font-size: 16px;\">Khajiit<\/li><li><a href=\"https:\/\/www.youtube.com\/watch?v=1UrWRr8mYSw\">Argonian<\/a><\/li><\/ul>\t\t\t\t\t\t<\/div>\n\t\t\t\t<\/div>\n\t\t\t\t\t<\/div>\n\t\t<\/div>\n\t\t\t\t\t\t\t<\/div>\n\t\t<\/section>\n\t\t\t\t<section class=\"elementor-section elementor-top-section elementor-element elementor-element-9f5baa0 elementor-section-boxed elementor-section-height-default elementor-section-height-default\" data-id=\"9f5baa0\" data-element_type=\"section\">\n\t\t\t\t\t\t<div class=\"elementor-container elementor-column-gap-default\">\n\t\t\t\t\t<div class=\"elementor-column elementor-col-100 elementor-top-column elementor-element elementor-element-1e2b0a2\" data-id=\"1e2b0a2\" data-element_type=\"column\">\n\t\t\t<div class=\"elementor-widget-wrap elementor-element-populated\">\n\t\t\t\t\t\t\t\t<div class=\"elementor-element elementor-element-6865618 elementor-widget-divider--view-line elementor-widget elementor-widget-divider\" data-id=\"6865618\" data-element_type=\"widget\" data-widget_type=\"divider.default\">\n\t\t\t\t<div class=\"elementor-widget-container\">\n\t\t\t\t\t<div class=\"elementor-divider\">\n\t\t\t<span class=\"elementor-divider-separator\">\n\t\t\t\t\t\t<\/span>\n\t\t<\/div>\n\t\t\t\t<\/div>\n\t\t\t\t<\/div>\n\t\t\t\t<div class=\"elementor-element elementor-element-59bb281 elementor-widget elementor-widget-heading\" data-id=\"59bb281\" data-element_type=\"widget\" data-widget_type=\"heading.default\">\n\t\t\t\t<div class=\"elementor-widget-container\">\n\t\t\t<h2 class=\"elementor-heading-title elementor-size-default\">OUTROS<\/h2>\t\t<\/div>\n\t\t\t\t<\/div>\n\t\t\t\t<div class=\"elementor-element elementor-element-16f3b81 elementor-widget-divider--view-line elementor-widget elementor-widget-divider\" data-id=\"16f3b81\" data-element_type=\"widget\" data-widget_type=\"divider.default\">\n\t\t\t\t<div class=\"elementor-widget-container\">\n\t\t\t\t\t<div class=\"elementor-divider\">\n\t\t\t<span class=\"elementor-divider-separator\">\n\t\t\t\t\t\t<\/span>\n\t\t<\/div>\n\t\t\t\t<\/div>\n\t\t\t\t<\/div>\n\t\t\t\t<div class=\"elementor-element elementor-element-186f5d3 elementor-widget elementor-widget-text-editor\" data-id=\"186f5d3\" data-element_type=\"widget\" data-widget_type=\"text-editor.default\">\n\t\t\t\t<div class=\"elementor-widget-container\">\n\t\t\t\t\t\t\t<p><strong>Vampiros<\/strong><\/p><ul><li><a href=\"https:\/\/www.twitch.tv\/videos\/644521914\">V\u00eddeo<\/a><\/li><\/ul><p><strong>Dark Brotherhood<\/strong><\/p><ul><li><a href=\"https:\/\/youtu.be\/s_Hu1ty356s\">V\u00eddeo<\/a><\/li><li><a href=\"https:\/\/www.universoeso.com.br\/index.php\/2017\/03\/20\/lore-dark-brotherhood-a-seita-dos-assassinos\/\">Escrito<\/a><\/li><\/ul><p><strong>Lore ESO<\/strong><\/p><ul><li><a href=\"https:\/\/www.universoeso.com.br\/index.php\/2018\/07\/24\/a-historia-do-eso-completa-a-invasao-do-principe-da-dominacao\/\">Hist\u00f3ria Principal do ESO<\/a><\/li><li><a href=\"https:\/\/www.universoeso.com.br\/index.php\/2017\/03\/06\/lore-o-amuleto-dos-reis\/\">O Amuleto dos Reis<\/a><\/li><li><a href=\"https:\/\/www.universoeso.com.br\/index.php\/2017\/04\/22\/quem-na-verdade-sao-os-guardioes\/\">Quem s\u00e3o os Warden?<\/a><\/li><li><a href=\"https:\/\/www.universoeso.com.br\/index.php\/2016\/07\/28\/lore-cradle-of-shadows-nova-dlc\/\">O Ber\u00e7o das Sombras (DLC)<\/a><\/li><li><a href=\"https:\/\/www.universoeso.com.br\/index.php\/2016\/07\/20\/lore-as-ruinas-de-mazzatun-nova-dlc\/\">As Ru\u00ednas de Mazzatun (DLC)<\/a><\/li><li><a href=\"https:\/\/www.universoeso.com.br\/index.php\/2016\/05\/17\/faccoes-ebonheart-pact\/\">Ebonheart Pact<\/a><\/li><li><a href=\"https:\/\/www.universoeso.com.br\/index.php\/2016\/05\/17\/faccoes-aldmeri-dominion\/\">Aldmeri Dominion<\/a><\/li><li><a href=\"https:\/\/www.universoeso.com.br\/index.php\/2016\/05\/17\/faccoes-daggerfall\/\">Daggerfall Covenant<\/a><\/li><\/ul><p><strong>Morrowind<\/strong><\/p><ul><li><a href=\"https:\/\/www.universoeso.com.br\/index.php\/2017\/05\/14\/lore-a-profecia-perdida-the-missing-prophecy\/\">A Profecia Perdida<\/a><\/li><li><a href=\"https:\/\/www.universoeso.com.br\/index.php\/2017\/03\/02\/lore-um-livro-sobre-a-breve-historia-de-morrowind\/\">A breve hist\u00f3ria de Morrowind<\/a><\/li><li><a href=\"https:\/\/www.universoeso.com.br\/index.php\/2017\/05\/30\/lore-morrowind-as-grandes-casas-de-vvardenfell\/\">As Grandes Casas de Morrowind<\/a><\/li><li><a href=\"https:\/\/www.universoeso.com.br\/index.php\/2017\/02\/25\/lore-vvardenfell-a-ilha-do-grande-vulcao-update-morrowind\/\">Vvardenfell, a grande ilha<\/a><\/li><\/ul><p><strong>Divindades e Religi\u00f5es<\/strong><\/p><ul><li><a href=\"https:\/\/www.universoeso.com.br\/index.php\/2016\/06\/08\/meridia-a-deusa-caida\/\">Meridia, a deusa ca\u00edda<\/a><\/li><li><a href=\"https:\/\/www.universoeso.com.br\/index.php\/2016\/05\/27\/lore-azura-lua-e-estrela\/\">Azura, lua e estrela<\/a><\/li><li><a href=\"https:\/\/www.universoeso.com.br\/index.php\/2016\/06\/04\/molag-bal\/\">Molag Bal<\/a><\/li><li><a href=\"https:\/\/www.universoeso.com.br\/index.php\/2016\/05\/17\/lore-aedras-e-daedras\/\">Diferen\u00e7a Aedra e Daedra<\/a><\/li><li><a href=\"https:\/\/www.universoeso.com.br\/index.php\/2016\/05\/17\/lore-mundus-e-o-planeta-principal-nirn\/\">Mundus e Oblivion<\/a><\/li><li><a href=\"https:\/\/www.universoeso.com.br\/index.php\/2017\/02\/11\/lore-as-9-divindades-de-the-elder-scroll\/\">Os 9 Aedra de The Elder Scrolls<\/a><\/li><li><a href=\"https:\/\/www.universoeso.com.br\/index.php\/2016\/06\/23\/lore-quem-e-mannimarco-spoiler-alert\/\">Mannimarco, o primeiro necromante<\/a><\/li><\/ul><p><strong>Outros<\/strong><\/p><ul><li><a href=\"https:\/\/www.universoeso.com.br\/index.php\/2016\/08\/01\/lore-linha-do-tempo-de-elder-scrolls\/\">Linha do Tempo da S\u00e9rie The Elder Scrolls<\/a><\/li><li><a href=\"https:\/\/www.universoeso.com.br\/index.php\/2017\/03\/03\/lore-o-que-e-elder-scrolls\/\">O que \u00e9 &#8220;Elder Scroll?&#8221;<\/a><\/li><li><a href=\"https:\/\/www.universoeso.com.br\/index.php\/2017\/05\/20\/lore-barbas-o-cao-falante\/\">Barbas, o C\u00e3o Falante<\/a><\/li><\/ul><p><strong>Sobre os Jogos da S\u00e9rie<\/strong><\/p><ul><li><a href=\"https:\/\/www.universoeso.com.br\/index.php\/2016\/07\/25\/jogos-da-franquia-the-elder-scrolls-parte-1-link-p-download\/\">Parte 1<\/a><\/li><li><a href=\"https:\/\/www.universoeso.com.br\/index.php\/2016\/07\/28\/jogos-da-franquia-the-elder-scrolls-part-2\/\">Parte 2<\/a><\/li><li><a href=\"https:\/\/www.universoeso.com.br\/index.php\/2016\/08\/02\/jogos-da-franquia-the-elder-scrolls-parte-3\/\">Parte 3<\/a><\/li><\/ul>\t\t\t\t\t\t<\/div>\n\t\t\t\t<\/div>\n\t\t\t\t\t<\/div>\n\t\t<\/div>\n\t\t\t\t\t\t\t<\/div>\n\t\t<\/section>\n\t\t\t\t\t\t\t<\/div>\n\t\t","protected":false},"excerpt":{"rendered":"Esta p\u00e1gina tr\u00e1s todo o compilado de Lore do UniversoESO, em textos e v\u00eddeos. RA\u00c7AS Escrito Imperial Breton Redguard Nord High Elf Wood \n<a class=\"moretag\" href=\"https:\/\/www.universoeso.com.br\/lore\"> [Leia mais]<\/a>","protected":false},"author":2,"featured_media":0,"parent":0,"menu_order":0,"comment_status":"closed","ping_status":"closed","template":"","meta":[],"_links":{"self":[{"href":"https:\/\/www.universoeso.com.br\/index.php\/wp-json\/wp\/v2\/pages\/17682"}],"collection":[{"href":"https:\/\/www.universoeso.com.br\/index.php\/wp-json\/wp\/v2\/pages"}],"about":[{"href":"https:\/\/www.universoeso.com.br\/index.php\/wp-json\/wp\/v2\/types\/page"}],"author":[{"embeddable":true,"href":"https:\/\/www.universoeso.com.br\/index.php\/wp-json\/wp\/v2\/users\/2"}],"replies":[{"embeddable":true,"href":"https:\/\/www.universoeso.com.br\/index.php\/wp-json\/wp\/v2\/comments?post=17682"}],"version-history":[{"count":7,"href":"https:\/\/www.universoeso.com.br\/index.php\/wp-json\/wp\/v2\/pages\/17682\/revisions"}],"predecessor-version":[{"id":17739,"href":"https:\/\/www.universoeso.com.br\/index.php\/wp-json\/wp\/v2\/pages\/17682\/revisions\/17739"}],"wp:attachment":[{"href":"https:\/\/www.universoeso.com.br\/index.php\/wp-json\/wp\/v2\/media?parent=17682"}],"curies":[{"name":"wp","href":"https:\/\/api.w.org\/{rel}","templated":true}]}}