{"id":15693,"date":"2021-03-21T10:21:36","date_gmt":"2021-03-21T13:21:36","guid":{"rendered":"http:\/\/www.universoeso.com.br\/?page_id=15693"},"modified":"2023-12-29T10:44:17","modified_gmt":"2023-12-29T13:44:17","slug":"builds-2","status":"publish","type":"page","link":"https:\/\/www.universoeso.com.br\/builds","title":{"rendered":"BUILDS"},"content":{"rendered":"\t\t<div data-elementor-type=\"wp-page\" data-elementor-id=\"15693\" class=\"elementor elementor-15693\">\n\t\t\t\t\t\t\t\t\t<section class=\"elementor-section elementor-top-section elementor-element elementor-element-b6029f7 elementor-section-boxed elementor-section-height-default elementor-section-height-default\" data-id=\"b6029f7\" data-element_type=\"section\">\n\t\t\t\t\t\t<div class=\"elementor-container elementor-column-gap-default\">\n\t\t\t\t\t<div class=\"elementor-column elementor-col-100 elementor-top-column elementor-element elementor-element-5e0834b\" data-id=\"5e0834b\" data-element_type=\"column\">\n\t\t\t<div class=\"elementor-widget-wrap elementor-element-populated\">\n\t\t\t\t\t\t\t\t<div class=\"elementor-element elementor-element-392261a elementor-widget elementor-widget-image\" data-id=\"392261a\" data-element_type=\"widget\" data-widget_type=\"image.default\">\n\t\t\t\t<div class=\"elementor-widget-container\">\n\t\t\t\t\t\t\t\t\t\t\t\t\t\t\t<img decoding=\"async\" width=\"747\" height=\"420\" src=\"https:\/\/www.universoeso.com.br\/wp-content\/uploads\/2021\/03\/buildas-imagem-1024x576.jpg\" class=\"attachment-large size-large wp-image-15547\" alt=\"\" loading=\"lazy\" srcset=\"https:\/\/www.universoeso.com.br\/wp-content\/uploads\/2021\/03\/buildas-imagem-1024x576.jpg 1024w, https:\/\/www.universoeso.com.br\/wp-content\/uploads\/2021\/03\/buildas-imagem-300x169.jpg 300w, https:\/\/www.universoeso.com.br\/wp-content\/uploads\/2021\/03\/buildas-imagem-768x432.jpg 768w, https:\/\/www.universoeso.com.br\/wp-content\/uploads\/2021\/03\/buildas-imagem-1536x864.jpg 1536w, https:\/\/www.universoeso.com.br\/wp-content\/uploads\/2021\/03\/buildas-imagem.jpg 1920w\" sizes=\"(max-width: 747px) 100vw, 747px\" \/>\t\t\t\t\t\t\t\t\t\t\t\t\t\t\t<\/div>\n\t\t\t\t<\/div>\n\t\t\t\t\t<\/div>\n\t\t<\/div>\n\t\t\t\t\t\t\t<\/div>\n\t\t<\/section>\n\t\t\t\t<section class=\"elementor-section elementor-top-section elementor-element elementor-element-793847b elementor-section-boxed elementor-section-height-default elementor-section-height-default\" data-id=\"793847b\" data-element_type=\"section\">\n\t\t\t\t\t\t<div class=\"elementor-container elementor-column-gap-default\">\n\t\t\t\t\t<div class=\"elementor-column elementor-col-100 elementor-top-column elementor-element elementor-element-7ce3adb\" data-id=\"7ce3adb\" data-element_type=\"column\">\n\t\t\t<div class=\"elementor-widget-wrap elementor-element-populated\">\n\t\t\t\t\t\t\t\t<div class=\"elementor-element elementor-element-638180c elementor-widget elementor-widget-text-editor\" data-id=\"638180c\" data-element_type=\"widget\" data-widget_type=\"text-editor.default\">\n\t\t\t\t<div class=\"elementor-widget-container\">\n\t\t\t\t\t\t\t<p>Aos leitores do UniversoESO, recentemente optamos por n\u00e3o publicar novas builds. Este \u00e9 um trabalho que exige muita atualiza\u00e7\u00e3o, e para um trabalho de f\u00e3s, acabou ficando invi\u00e1vel.<\/p><p>Mas ainda divulgamos builds de forma mais simples em nosso\u00a0<a href=\"http:\/\/discord.gg\/UnB89GYzyN\" target=\"_blank\" rel=\"noopener\">Discord<\/a>\u00a0nas salas &#8216;builds-pve&#8217; e &#8216;builds-pvp&#8217;<\/p>\t\t\t\t\t\t<\/div>\n\t\t\t\t<\/div>\n\t\t\t\t\t<\/div>\n\t\t<\/div>\n\t\t\t\t\t\t\t<\/div>\n\t\t<\/section>\n\t\t\t\t\t\t\t<\/div>\n\t\t","protected":false},"excerpt":{"rendered":"Aos leitores do UniversoESO, recentemente optamos por n\u00e3o publicar novas builds. Este \u00e9 um trabalho que exige muita atualiza\u00e7\u00e3o, e para um trabalho \n<a class=\"moretag\" href=\"https:\/\/www.universoeso.com.br\/builds\"> [Leia mais]<\/a>","protected":false},"author":2,"featured_media":15547,"parent":0,"menu_order":0,"comment_status":"closed","ping_status":"closed","template":"elementor_header_footer","meta":[],"_links":{"self":[{"href":"https:\/\/www.universoeso.com.br\/index.php\/wp-json\/wp\/v2\/pages\/15693"}],"collection":[{"href":"https:\/\/www.universoeso.com.br\/index.php\/wp-json\/wp\/v2\/pages"}],"about":[{"href":"https:\/\/www.universoeso.com.br\/index.php\/wp-json\/wp\/v2\/types\/page"}],"author":[{"embeddable":true,"href":"https:\/\/www.universoeso.com.br\/index.php\/wp-json\/wp\/v2\/users\/2"}],"replies":[{"embeddable":true,"href":"https:\/\/www.universoeso.com.br\/index.php\/wp-json\/wp\/v2\/comments?post=15693"}],"version-history":[{"count":143,"href":"https:\/\/www.universoeso.com.br\/index.php\/wp-json\/wp\/v2\/pages\/15693\/revisions"}],"predecessor-version":[{"id":21734,"href":"https:\/\/www.universoeso.com.br\/index.php\/wp-json\/wp\/v2\/pages\/15693\/revisions\/21734"}],"wp:featuredmedia":[{"embeddable":true,"href":"https:\/\/www.universoeso.com.br\/index.php\/wp-json\/wp\/v2\/media\/15547"}],"wp:attachment":[{"href":"https:\/\/www.universoeso.com.br\/index.php\/wp-json\/wp\/v2\/media?parent=15693"}],"curies":[{"name":"wp","href":"https:\/\/api.w.org\/{rel}","templated":true}]}}