{"id":13257,"date":"2018-10-30T21:33:57","date_gmt":"2018-10-31T00:33:57","guid":{"rendered":"http:\/\/www.universoeso.com.br\/?p=13257"},"modified":"2021-03-29T22:07:23","modified_gmt":"2021-03-30T01:07:23","slug":"guia-de-masmorra-moonhunter-keep-bastilha-do-cacador-lunar","status":"publish","type":"page","link":"https:\/\/www.universoeso.com.br\/guia-masmorra-moonhunter-keep","title":{"rendered":"Guia de Masmorra: Moonhunter Keep"},"content":{"rendered":"\t\t<div data-elementor-type=\"wp-page\" data-elementor-id=\"13257\" class=\"elementor elementor-13257\">\n\t\t\t\t\t\t\t\t\t<section class=\"elementor-section elementor-top-section elementor-element elementor-element-9706f6a elementor-section-boxed elementor-section-height-default elementor-section-height-default\" data-id=\"9706f6a\" data-element_type=\"section\">\n\t\t\t\t\t\t<div class=\"elementor-container elementor-column-gap-default\">\n\t\t\t\t\t<div class=\"elementor-column elementor-col-100 elementor-top-column elementor-element elementor-element-855c7d1\" data-id=\"855c7d1\" data-element_type=\"column\">\n\t\t\t<div class=\"elementor-widget-wrap elementor-element-populated\">\n\t\t\t\t\t\t\t\t<div class=\"elementor-element elementor-element-01e8d62 elementor-widget elementor-widget-image\" data-id=\"01e8d62\" data-element_type=\"widget\" data-widget_type=\"image.default\">\n\t\t\t\t<div class=\"elementor-widget-container\">\n\t\t\t\t\t\t\t\t\t\t\t\t\t\t\t<img decoding=\"async\" width=\"747\" height=\"420\" src=\"https:\/\/www.universoeso.com.br\/wp-content\/uploads\/2018\/10\/moonhunt2-1024x576.jpg\" class=\"attachment-large size-large wp-image-13291\" alt=\"\" loading=\"lazy\" srcset=\"https:\/\/www.universoeso.com.br\/wp-content\/uploads\/2018\/10\/moonhunt2-1024x576.jpg 1024w, https:\/\/www.universoeso.com.br\/wp-content\/uploads\/2018\/10\/moonhunt2-300x169.jpg 300w, https:\/\/www.universoeso.com.br\/wp-content\/uploads\/2018\/10\/moonhunt2-768x432.jpg 768w, https:\/\/www.universoeso.com.br\/wp-content\/uploads\/2018\/10\/moonhunt2.jpg 1920w\" sizes=\"(max-width: 747px) 100vw, 747px\" \/>\t\t\t\t\t\t\t\t\t\t\t\t\t\t\t<\/div>\n\t\t\t\t<\/div>\n\t\t\t\t\t<\/div>\n\t\t<\/div>\n\t\t\t\t\t\t\t<\/div>\n\t\t<\/section>\n\t\t\t\t<section class=\"elementor-section elementor-top-section elementor-element elementor-element-9da3593 elementor-section-boxed elementor-section-height-default elementor-section-height-default\" data-id=\"9da3593\" data-element_type=\"section\">\n\t\t\t\t\t\t<div class=\"elementor-container elementor-column-gap-default\">\n\t\t\t\t\t<div class=\"elementor-column elementor-col-100 elementor-top-column elementor-element elementor-element-73a32e6a\" data-id=\"73a32e6a\" data-element_type=\"column\">\n\t\t\t<div class=\"elementor-widget-wrap elementor-element-populated\">\n\t\t\t\t\t\t\t\t<div class=\"elementor-element elementor-element-379e3578 elementor-widget elementor-widget-text-editor\" data-id=\"379e3578\" data-element_type=\"widget\" data-widget_type=\"text-editor.default\">\n\t\t\t\t<div class=\"elementor-widget-container\">\n\t\t\t\t\t\t\tEsse \u00e9 um guia da masmorra &#8220;Bastilha do Ca\u00e7ador Lunar&#8221;. Um conte\u00fado de grupo de 4 jogadores, localizado no norte de&nbsp;Senalana, ao lado do Rio Estreiro de&nbsp;Cyrodiil&nbsp;no&nbsp;<strong>The Elder Scrolls Online<\/strong>. \u00c9 parte da DLC&nbsp;Wolfhunter, dispon\u00edvel no modo normal e veterano.&nbsp;Ser\u00e3o abordados todos os detalhes de mec\u00e2nicas necess\u00e1rios para completar esse conte\u00fado, al\u00e9m de dicas para preparar o time e lidar com cada encontro.<\/div><\/div><\/div><\/div><\/div><\/section><\/div> <a href=\"https:\/\/www.universoeso.com.br\/guia-masmorra-moonhunter-keep#more-13257\" class=\"more-link elementor-more-link\"><span aria-label=\"Continue lendo Guia de Masmorra: Moonhunter Keep\">(mais&hellip;)<\/span><\/a>","protected":false},"excerpt":{"rendered":"Esse \u00e9 um guia da masmorra &#8220;Bastilha do Ca\u00e7ador Lunar&#8221;. Um conte\u00fado de grupo de 4 jogadores, localizado no norte de&nbsp;Senalana, ao lado \n<a class=\"moretag\" href=\"https:\/\/www.universoeso.com.br\/guia-masmorra-moonhunter-keep\"> [Leia mais]<\/a>","protected":false},"author":2,"featured_media":13291,"parent":17041,"menu_order":0,"comment_status":"open","ping_status":"closed","template":"layouts\/fullwidth.php","meta":[],"_links":{"self":[{"href":"https:\/\/www.universoeso.com.br\/index.php\/wp-json\/wp\/v2\/pages\/13257"}],"collection":[{"href":"https:\/\/www.universoeso.com.br\/index.php\/wp-json\/wp\/v2\/pages"}],"about":[{"href":"https:\/\/www.universoeso.com.br\/index.php\/wp-json\/wp\/v2\/types\/page"}],"author":[{"embeddable":true,"href":"https:\/\/www.universoeso.com.br\/index.php\/wp-json\/wp\/v2\/users\/2"}],"replies":[{"embeddable":true,"href":"https:\/\/www.universoeso.com.br\/index.php\/wp-json\/wp\/v2\/comments?post=13257"}],"version-history":[{"count":15,"href":"https:\/\/www.universoeso.com.br\/index.php\/wp-json\/wp\/v2\/pages\/13257\/revisions"}],"predecessor-version":[{"id":17003,"href":"https:\/\/www.universoeso.com.br\/index.php\/wp-json\/wp\/v2\/pages\/13257\/revisions\/17003"}],"up":[{"embeddable":true,"href":"https:\/\/www.universoeso.com.br\/index.php\/wp-json\/wp\/v2\/pages\/17041"}],"wp:featuredmedia":[{"embeddable":true,"href":"https:\/\/www.universoeso.com.br\/index.php\/wp-json\/wp\/v2\/media\/13291"}],"wp:attachment":[{"href":"https:\/\/www.universoeso.com.br\/index.php\/wp-json\/wp\/v2\/media?parent=13257"}],"curies":[{"name":"wp","href":"https:\/\/api.w.org\/{rel}","templated":true}]}}